f) be the second derivative of -f**7/2520 + f**6/720 + f**5/15 - f**4/6 - 3*f. Let y(z) be the third derivative of t(z). Let v = -3 + 3. Determine y(v).
8
Suppose -b = -1 - 4. Let r(g) = -6*g - 3 + g**2 + b + 2*g. Let l(h) = -h**2 + 8*h + 4. Let z be l(8). What is r(z)?
2
Suppose -2*v - 26 = -12*n + 8*n, 20 = 5*n. Let s = 0 - -6. Let c(i) = i**3 + 5 + s*i + 6*i**2 - i + 1. Calculate c(v).
6
Let c(l) = 0*l + l**2 + 2*l + 13 + 0 - 19. Determine c(-3).
-3
Let m(h) be the third derivative of h**4/12 - 2*h**3/3 + 2*h**2. Let x(l) = -4*l + 9. Let n(o) = -5*m(o) - 2*x(o). What is n(5)?
-8
Let c(l) = -l + 3. Suppose 5*h + 3*m - 5 = 4*h, 5*m + 37 = 4*h. Let b = h + -11. What is c(b)?
6
Let p(m) = -m**3. Let g(c) = -3*c**3 - 4*c**2 - 3*c - 7. Let j(n) = g(n) - 4*p(n). Let q = -3 - -3. Let z be (2 + q + -1)*5. What is j(z)?
3
Let m be -1 + 4 + (-15)/3. Let g(i) = i**3 + 5*i**2 + 3*i + 2. Determine g(m).
8
Let l(j) = -3*j - 8*j**2 + j + 4*j - 2 + 3. What is l(2)?
-27
Let s be (-3)/2*(-8)/6. Let h(y) = y + 5. Let l(b) = -2*b - 11. Let f(o) = s*l(o) + 5*h(o). Calculate f(-5).
-2
Suppose 3*b = 2*u - 4 + 17, 2*u - 7 = -b. Let p be 2 - (-2 + -1 + u). Let o(m) = 2 - p*m**2 + m + 5*m**2 + m. Calculate o(-2).
2
Let c(u) = 4 + u + 4*u**2 - 1 - 4*u + u - u**3. Let v be 14/3 - 4/6. Give c(v).
-5
Suppose -3*d + 3 = -4*i, -21 - 4 = -5*d. Let y(g) be the third derivative of 0 + 1/24*g**4 + 0*g**i + g**2 + 0*g. Give y(-2).
-2
Let i(d) = -8*d - 11*d**2 + 10*d**2 + 4 + 3*d. What is i(-5)?
4
Suppose 3*z = -0*c - 4*c - 17, c + 9 = 4*z. Let r(q) = 22*q. Give r(z).
22
Let a(b) = b**2 + 4*b - 4*b + 4 - 7*b. Suppose -i = i - 30. Let y = i - 10. Calculate a(y).
-6
Let s(m) = -m**2 + 5*m + 5. Let v = -9 + 14. Suppose -v = -3*i + 2*i. Calculate s(i).
5
Suppose -2*k + 4 = 0, -2*j + k + 1 = -3. Let c(b) be the second derivative of -3/2*b**2 - 2*b - 1/20*b**5 + 5/12*b**4 + 1/6*b**j + 0. What is c(5)?
2
Suppose 12 = 3*g, -6 - 1 = 5*p - 3*g. Let m(c) = -9*c**2 + 2*c - 1. Calculate m(p).
-8
Let v(o) = -3*o**2 - 3*o. Suppose 4 = -2*k + 3*k. Let y(u) = u + k*u - u**2 - 6*u. Let h(d) = -4*v(d) + 11*y(d). Calculate h(0).
0
Let a(s) be the first derivative of -s**3/3 + 5*s**2/2 + 5*s - 42. What is a(5)?
5
Let j(x) be the third derivative of -x**6/120 - 2*x**5/15 - x**4/4 + 4*x**3/3 + 2*x**2. Let t be j(-7). Let f(i) = 2 - 2 - 4*i. Calculate f(t).
-4
Let q be (-16)/(-12)*3/2. Let l = -10 + 14. Suppose -b + 1 = 2*u - l, q = -u - 5*b. Let a(r) = r**2 - 7*r + 2. Calculate a(u).
-10
Let q(j) = -j**3 - 3*j**2 + 1. Let d(k) = 4*k**2 + 2*k + 3. Let z be d(3). Suppose -z = -v + 5*v - 5*i, 0 = -4*i + 20. Let g = v - -4. Give q(g).
-1
Let a(y) = -2*y**3 - y**2 + 2*y + 3. Let f = -2 + 9. Let b = f - 9. What is a(b)?
11
Let y(h) be the third derivative of -h**6/720 + h**5/24 - h**4/8 + 2*h**2. Let u(w) be the second derivative of y(w). Let g = -2 + 6. Calculate u(g).
1
Suppose 4*u + 2*b = 6, -3*u + b = -4*b - 11. Let m(z) = -z**3 + z**2 + z - 1. Calculate m(u).
-3
Let q(n) = -n**3 - 8*n**2 - n - 4. Let w be q(-8). Suppose -7*k = -w*k - 9. Let b(u) = u**2 + 3 - 2*u**2 + u + 2 - u**k. Calculate b(0).
5
Suppose 3*q = -4*q. Let t(p) = p - 5. Determine t(q).
-5
Let x(h) = -2 + h - 5*h - 5*h**3 + 3 + 4*h**3 - 5*h**2. Calculate x(-3).
-5
Let b(g) = -3*g**3 + g**2 + g. Suppose 6 = 16*n - 22*n. What is b(n)?
3
Let w(b) = -4*b - 1. Let o = -3 - 3. Let s be (o/(-12))/(2/4). Determine w(s).
-5
Let h(o) = -11. Let u(s) = s + 21. Let v(r) = 7*h(r) + 4*u(r). Let x(f) = f + 2. Let a(q) = -2*v(q) + 7*x(q). Give a(-1).
1
Let g(m) be the second derivative of -m**5/20 - m**4/4 - m**3/6 + m. Let b be 6*3 + -6 + 3. Let a be (6/b)/((-1)/5). Give g(a).
-2
Let a(f) = 6*f + 8 - 1 + f**2 - 5*f**2 + 5*f**2. Let z(g) = g + 2. Let b be z(-8). What is a(b)?
7
Suppose f + 5*b + 21 = 5*f, -2*f - 3*b = -5. Suppose c = 3*h - 0*c, 0 = -f*h + 2*c + 2. Let o(d) = -4*d**3 - d - 1. Calculate o(h).
4
Let d be (4/(-3))/(4/6). Let b(c) = c**2. Let p(n) = n**2 - 2*n + 6. Let t(x) = d*b(x) + p(x). Give t(-5).
-9
Let n(k) = -27 + 21 + 13 + 2*k. What is n(-6)?
-5
Let u = -6 + 9. Suppose -3*c = -4*k - 2*c + 18, u*c + 4 = 2*k. Let f(i) = -i + 0*i + k - 4 + 0*i. Give f(6).
-5
Let q(a) = 4*a - 19. Let n be q(5). Let m(h) = -5*h. Calculate m(n).
-5
Let t be (-2)/(-10) - 147/35. Let i(g) be the first derivative of -g**4/4 - g**3 + 3*g**2 + 6*g + 1. Calculate i(t).
-2
Suppose l = -4*z + 2*z + 8, -2*z - 2*l = -6. Let s(v) = -v + 2. Let a(y) = -y + 1. Let m(j) = 5*a(j) - 6*s(j). Determine m(z).
-2
Let w(m) be the first derivative of -m**3/3 - 3*m**2/2 + m - 13. Give w(-4).
-3
Let r(v) be the third derivative of v**5/60 + v**4/12 - 2*v**3/3 + 24*v**2. Give r(-6).
20
Let i be (-3 - 21/(-12))*-4. Suppose -3*r + i*r = 6. Let u(m) = 2*m - 4. Determine u(r).
2
Let g = -4 - -8. Let w = 3 - g. Let o be -2*w/2*-2. Let f(z) = 2*z**2 - 2*z - 2. Give f(o).
10
Let m(f) be the first derivative of f**2/2 + 2*f - 2. Determine m(2).
4
Suppose -6 = -2*r - 0*r. Let i(f) = f - 1. Let n be i(r). Let g(w) = w**2 + 2*w. Calculate g(n).
8
Let k(x) = 7*x - 1. Suppose 5*c + 2*p = 8, -2*c - 2*p + 2 = -0. Let y = 1 - c. Let h = 0 - y. Give k(h).
6
Let a(u) = -5*u + 1. Let t be a(1). Let l(w) = -2*w + 1. What is l(t)?
9
Suppose 6*z - 1 = -13. Let r(g) = g + 4. What is r(z)?
2
Suppose 3*q = -2*l + 19, -12 - 3 = -5*l - q. Let n(p) = -5*p + p**2 - p + l*p - 3 + 0*p. Calculate n(-2).
9
Let k(h) = 4*h**3 + 9*h**2 + 9*h - 3. Let g(i) = 2 - 6*i**2 + 3*i**2 + i - 3*i**3 - 9*i - 5*i**2. Let w(y) = -3*g(y) - 2*k(y). Give w(-5).
-5
Let r = 5 - 9. Let b(v) = -v**3 - 4*v**2 + v + 4. Determine b(r).
0
Let b(p) = -7 - 8 + p + 17. Calculate b(-1).
1
Let v(w) be the third derivative of -1/2*w**3 + w**2 - 1/12*w**4 + 0*w - 1/120*w**5 + 0. Let u(i) be the first derivative of v(i). Give u(-4).
2
Let l(w) be the first derivative of w**3/3 + w - 7. Calculate l(-2).
5
Suppose 0 = -3*c + 3 - 6. Let x = c + 5. Let i(a) be the third derivative of a**6/120 - a**5/20 - 5*a**4/24 + a**3/3 + 117*a**2. What is i(x)?
-2
Suppose -6*n - 7 - 17 = 0. Let k(z) = -3*z - 6. Give k(n).
6
Let o be (-1)/((0 - -1) + -2). Let q = o + -2. Let k(y) = -13*y - 11. Let r(d) = 7*d + 6. Let u(m) = 6*k(m) + 11*r(m). Calculate u(q).
1
Let w(o) = -o**3 - 3*o**2 + 3*o - 4. Let b(f) be the second derivative of -f**3/2 + f**2 - 3*f. Let q be b(2). Determine w(q).
0
Suppose -1 = -3*p + 2*p. Let g(w) = -w**3 + 2*w**2 + 3*w + 1. Let m be g(3). Let r = m - p. Let a(h) = -h**3 - h**2 - h - 6. Calculate a(r).
-6
Let l(v) be the third derivative of v**7/2520 - v**6/720 + v**4/12 + 4*v**2. Let x(y) be the second derivative of l(y). Determine x(1).
0
Let w(i) = i**3 + 3*i**2 + i - 1. Suppose 7*g = -5 - 9. Calculate w(g).
1
Let q(w) = w + 7. Suppose -n = -3*n - n. Calculate q(n).
7
Let r(o) = -o**2 + o**2 + 0 + o**3 + 3*o**2 + 3. Let h be r(-3). Let m be h/(-2)*8/(-12). Let l(x) = -2*x**3 + x**2 - 2*x + 1. Determine l(m).
-2
Let r be (-6)/(-9)*(7 + -4). Let m(l) = 0 + 3*l**3 + 0 - r*l**3 - l. Calculate m(-1).
0
Suppose 2*n = -5*g - 9, 5*n - 2*g - 24 = -3. Let k(v) = -v**n - 4 - 2 + 3 - 5*v**2. Let p(s) = -s**3 + 8*s**2 - 7*s - 5. Let a be p(7). Determine k(a).
-3
Let d(t) = -4*t**3 - 4*t**2 - t + 5. Let n(k) = -11*k**3 - 11*k**2 - 3*k + 15. Let s(x) = 8*d(x) - 3*n(x). Let f be s(0). Let h(y) = y + 2. Calculate h(f).
-3
Let b(i) = -2*i**2 - 3 - 2*i + 3*i**2 + 5*i. Let l(x) = -12*x + 201. Let y be l(17). Give b(y).
-3
Let g(p) = -p**3 - 3*p**2 + 3*p + 1. Suppose 0 = 4*j + 2 + 10. What is g(j)?
-8
Suppose 8*x - 8 = -k + 3*x, 5*x - 5 = 0. Let f(v) be the second derivative of v**5/20 - v**4/6 - v**3/6 - 3*v**2/2 + 5*v. Calculate f(k).
3
Let q(b) = -b + 9. Let f be q(-8). Let u(z) = -9*z + 17. Let p(h) = -3*h + 6. Let o(r) = f*p(r) - 6*u(r). What is o(-2)?
-6
Let c = 71 + -70. Let i(b) = 5*b + 1. Calculate i(c).
6
Let z(c) = -15*c + 4*c - c - 14*c. Determine z(1).
-26
Suppose 0 = -u - 2*u. Suppose u*y - 3 = -y. Let x(l) = 3 + l**y - 6 + l**2 - 5*l**2. Determine x(4).
-3
Let z(o) = o**3 + 5*o**2 - 2*o - 4. Let q be z(-5). Suppose k = 2 - q. Let i be (-3)/12 + (-5)/k. Let h(l) = -2*l**2 - l + 1. What is h(i)?
-2
Let c(p) = -p - 4. Suppose 8*v - 5*v = -24. Calculate c(v).
4
Suppose -3*y - 3 = -21. Let u(m) = -m**3 + 7*m**2 - 3*m. Calculate u(y).
18
Let w(x)